 of 2240589911?
2
What is the hundreds digit of 1402185176?
1
What is the thousands digit of 55193760?
3
What is the thousands digit of 351958909?
8
What is the hundreds digit of 2799866656?
6
What is the hundred thousands digit of 98507308?
5
What is the millions digit of 37048007?
7
What is the thousands digit of 1272683775?
3
What is the hundred thousands digit of 157438317?
4
What is the units digit of 96694548?
8
What is the ten thousands digit of 77902266?
0
What is the ten thousands digit of 1142876553?
7
What is the thousands digit of 197311976?
1
What is the tens digit of 57051922?
2
What is the thousands digit of 63594694?
4
What is the hundreds digit of 3658548271?
2
What is the tens digit of 122488956?
5
What is the ten millions digit of 40463922?
4
What is the millions digit of 819272192?
9
What is the hundred thousands digit of 142823?
1
What is the hundreds digit of 179469724?
7
What is the millions digit of 3733030?
3
What is the units digit of 5206039688?
8
What is the units digit of 3763464082?
2
What is the ten thousands digit of 54141761?
4
What is the ten millions digit of 342668622?
4
What is the units digit of 40725660?
0
What is the hundreds digit of 155956252?
2
What is the millions digit of 63054303?
3
What is the thousands digit of 147553662?
3
What is the ten thousands digit of 159801975?
0
What is the units digit of 24731685?
5
What is the hundreds digit of 7508986?
9
What is the millions digit of 2315600353?
5
What is the ten thousands digit of 71492658?
9
What is the hundred thousands digit of 70655438?
6
What is the hundred millions digit of 203915573?
2
What is the hundred thousands digit of 57829278?
8
What is the units digit of 117706228?
8
What is the ten millions digit of 15805056?
1
What is the hundred millions digit of 3962932839?
9
What is the hundred millions digit of 195650328?
1
What is the tens digit of 483006181?
8
What is the ten thousands digit of 138653556?
5
What is the units digit of 17323345?
5
What is the millions digit of 5354041272?
4
What is the ten thousands digit of 1236203508?
0
What is the units digit of 31442026?
6
What is the ten millions digit of 87029285?
8
What is the tens digit of 228076776?
7
What is the ten thousands digit of 88125861?
2
What is the millions digit of 650584478?
0
What is the millions digit of 188700968?
8
What is the hundreds digit of 3530734335?
3
What is the ten thousands digit of 52007054?
0
What is the ten thousands digit of 2726035621?
3
What is the units digit of 98772394?
4
What is the ten thousands digit of 206429910?
2
What is the millions digit of 2904058387?
4
What is the hundred millions digit of 1242311468?
2
What is the millions digit of 16117109?
6
What is the millions digit of 161370265?
1
What is the hundred thousands digit of 4254335?
2
What is the hundreds digit of 475512965?
9
What is the tens digit of 1105381913?
1
What is the units digit of 201943624?
4
What is the hundred thousands digit of 1864543057?
5
What is the millions digit of 37616957?
7
What is the hundred thousands digit of 643722114?
7
What is the units digit of 4653602838?
8
What is the tens digit of 33907697?
9
What is the tens digit of 117819050?
5
What is the hundreds digit of 204874018?
0
What is the hundreds digit of 149254939?
9
What is the units digit of 74118346?
6
What is the ten millions digit of 15735440?
1
What is the ten millions digit of 124583633?
2
What is the ten millions digit of 1038213010?
3
What is the hundred millions digit of 457543264?
4
What is the millions digit of 711404894?
1
What is the millions digit of 189278625?
9
What is the hundred millions digit of 308501157?
3
What is the hundreds digit of 22455913?
9
What is the hundreds digit of 166523390?
3
What is the units digit of 1854496772?
2
What is the millions digit of 57509594?
7
What is the ten thousands digit of 232806326?
0
What is the ten millions digit of 3187747172?
8
What is the hundred thousands digit of 843421586?
4
What is the ten millions digit of 38007828?
3
What is the hundreds digit of 45570237?
2
What is the thousands digit of 10940461?
0
What is the thousands digit of 65999368?
9
What is the hundreds digit of 145133934?
9
What is the tens digit of 89137495?
9
What is the thousands digit of 855489621?
9
What is the hundred millions digit of 2398613378?
3
What is the ten thousands digit of 11575933?
7
What is the thousands digit of 80337884?
7
What is the ten millions digit of 402498370?
0
What is the hundred millions digit of 348948766?
3
What is the hundreds digit of 1936980094?
0
What is the hundreds digit of 13554962?
9
What is the units digit of 44443006?
6
What is the tens digit of 3154602166?
6
What is the units digit of 902777542?
2
What is the units digit of 3854021696?
6
What is the tens digit of 4268563936?
3
What is the tens digit of 1046157627?
2
What is the hundred thousands digit of 153691077?
6
What is the thousands digit of 5351359?
1
What is the thousands digit of 454525804?
5
What is the units digit of 332672951?
1
What is the thousands digit of 20375755?
5
What is the ten thousands digit of 207608362?
0
What is the ten millions digit of 67682747?
6
What is the hundred thousands digit of 30919993?
9
What is the millions digit of 2150005008?
0
What is the ten thousands digit of 163660115?
6
What is the thousands digit of 514597322?
7
What is the hundred thousands digit of 454950889?
9
What is the millions digit of 196701323?
6
What is the hundred thousands digit of 99945645?
9
What is the thousands digit of 555997873?
7
What is the ten millions digit of 58219297?
5
What is the hundred millions digit of 1180507965?
1
What is the millions digit of 139760484?
9
What is the hundred thousands digit of 24929052?
9
What is the tens digit of 1056299077?
7
What is the ten millions digit of 329353595?
2
What is the ten thousands digit of 361127178?
2
What is the tens digit of 225317451?
5
What is the ten thousands digit of 35871804?
7
What is the millions digit of 2724673885?
4
What is the units digit of 287012891?
1
What is the millions digit of 12953251?
2
What is the hundreds digit of 2465125921?
9
What is the ten millions digit of 206271569?
0
What is the tens digit of 127059884?
8
What is the ten millions digit of 58594120?
5
What is the units digit of 22003655?
5
What is the hundreds digit of 36170926?
9
What is the millions digit of 875918351?
5
What is the units digit of 1178683165?
5
What is the thousands digit of 54211591?
1
What is the tens digit of 1427589?
8
What is the tens digit of 163834123?
2
What is the units digit of 56912445?
5
What is the ten millions digit of 530797833?
3
What is the units digit of 227343463?
3
What is the units digit of 113428375?
5
What is the hundred millions digit of 3377739008?
3
What is the millions digit of 421553227?
1
What is the ten millions digit of 643650215?
4
What is the units digit of 867197?
7
What is the ten thousands digit of 49666080?
6
What is the ten millions digit of 2603756107?
0
What is the hundred millions digit of 1252841595?
2
What is the ten thousands digit of 45550613?
5
What is the hundreds digit of 2120376274?
2
What is the hundred thousands digit of 42340330?
3
What is the millions digit of 4440895698?
0
What is the thousands digit of 279934631?
4
What is the thousands digit of 26001952?
1
What is the units digit of 194478351?
1
What is the hundreds digit of 102037388?
3
What is the tens digit of 33384871?
7
What is the hundreds digit of 138886391?
3
What is the tens digit of 51802387?
8
What is the millions digit of 226222459?
6
What is the ten millions digit of 801800486?
0
What is the hundreds digit of 71212723?
7
What is the ten thousands digit of 102015326?
1
What is the hundred millions digit of 110897185?
1
What is the hundred thousands digit of 173975242?
9
What is the tens digit of 354120770?
7
What is the thousands digit of 33016266?
6
What is the tens digit of 3156735580?
8
What is the tens digit of 270690013?
1
What is the hundreds digit of 92365441?
4
What is the tens digit of 145773984?
8
What is the hundred thousands digit of 332141414?
1
What is the units digit of 56825437?
7
What is the hundred thousands digit of 14031396?
0
What is the ten millions digit of 49152421?
4
What is the b